{"id":3901,"date":"2021-01-20T18:01:16","date_gmt":"2021-01-20T18:01:16","guid":{"rendered":"https:\/\/ercistso.tobb.org.tr\/?page_id=3901"},"modified":"2025-07-22T08:08:49","modified_gmt":"2025-07-22T08:08:49","slug":"organizasyon-semasi","status":"publish","type":"page","link":"https:\/\/ercistso.tobb.org.tr\/en\/organizasyon-semasi\/","title":{"rendered":"Organizasyon \u015eemas\u0131"},"content":{"rendered":"<p>[vc_row][vc_column][vc_column_text]<img decoding=\"async\" loading=\"lazy\" class=\"aligncenter wp-image-3902 size-full\" src=\"https:\/\/ercistso.tobb.org.tr\/wp-content\/uploads\/2021\/01\/ORGANIZASSYON-SEMASI.png\" alt=\"\" width=\"648\" height=\"516\" srcset=\"https:\/\/ercistso.tobb.org.tr\/wp-content\/uploads\/2021\/01\/ORGANIZASSYON-SEMASI.png 648w, https:\/\/ercistso.tobb.org.tr\/wp-content\/uploads\/2021\/01\/ORGANIZASSYON-SEMASI-300x239.png 300w\" sizes=\"(max-width: 648px) 100vw, 648px\" \/><\/p>\n<table width=\"100%\">\n<tbody>\n<tr>\n<td width=\"39%\"><strong>PERSONEL ADI SOYADI<\/strong><\/td>\n<td width=\"60%\"><strong>B\u0130R\u0130M\u0130 \u00dcnvan\u0131<\/strong><\/td>\n<\/tr>\n<tr>\n<td width=\"39%\">Ahmet G\u00d6Z\u00dcTOK<\/td>\n<td width=\"60%\">Genel Sekreter<\/td>\n<\/tr>\n<tr>\n<td width=\"39%\">Hasan ARSLAN<\/td>\n<td width=\"60%\">Ticaret Sicili M\u00fcd\u00fcr\u00fc<\/td>\n<\/tr>\n<tr>\n<td width=\"39%\">Edip \u00c7ALI\u015eKAN<\/td>\n<td width=\"60%\">Genel Sekreter Yard\u0131mc\u0131s\u0131<\/td>\n<\/tr>\n<tr>\n<td width=\"39%\">Ferit ARSLAN<\/td>\n<td width=\"60%\">Tescil Yetkilisi<\/td>\n<\/tr>\n<tr>\n<td width=\"39%\">Zafer YA\u011eAR<\/td>\n<td width=\"60%\">Muamelat Memuru<\/td>\n<\/tr>\n<tr>\n<td width=\"39%\">\u0130smet MERCAN<\/td>\n<td width=\"60%\">Hizmetli<\/td>\n<\/tr>\n<\/tbody>\n<\/table>\n<p>[\/vc_column_text][\/vc_column][\/vc_row]<\/p>\n","protected":false},"excerpt":{"rendered":"<p>[vc_row][vc_column][vc_column_text] PERSONEL ADI SOYADI B\u0130R\u0130M\u0130 \u00dcnvan\u0131 Ahmet G\u00d6Z\u00dcTOK Genel Sekreter Hasan ARSLAN Ticaret Sicili M\u00fcd\u00fcr\u00fc Edip \u00c7ALI\u015eKAN Genel Sekreter Yard\u0131mc\u0131s\u0131&#8230;<\/p>\n","protected":false},"author":1,"featured_media":0,"parent":0,"menu_order":0,"comment_status":"closed","ping_status":"closed","template":"","meta":[],"_links":{"self":[{"href":"https:\/\/ercistso.tobb.org.tr\/en\/wp-json\/wp\/v2\/pages\/3901"}],"collection":[{"href":"https:\/\/ercistso.tobb.org.tr\/en\/wp-json\/wp\/v2\/pages"}],"about":[{"href":"https:\/\/ercistso.tobb.org.tr\/en\/wp-json\/wp\/v2\/types\/page"}],"author":[{"embeddable":true,"href":"https:\/\/ercistso.tobb.org.tr\/en\/wp-json\/wp\/v2\/users\/1"}],"replies":[{"embeddable":true,"href":"https:\/\/ercistso.tobb.org.tr\/en\/wp-json\/wp\/v2\/comments?post=3901"}],"version-history":[{"count":3,"href":"https:\/\/ercistso.tobb.org.tr\/en\/wp-json\/wp\/v2\/pages\/3901\/revisions"}],"predecessor-version":[{"id":4211,"href":"https:\/\/ercistso.tobb.org.tr\/en\/wp-json\/wp\/v2\/pages\/3901\/revisions\/4211"}],"wp:attachment":[{"href":"https:\/\/ercistso.tobb.org.tr\/en\/wp-json\/wp\/v2\/media?parent=3901"}],"curies":[{"name":"wp","href":"https:\/\/api.w.org\/{rel}","templated":true}]}}

Organizasyon Şeması

<p>[vc_row][vc_column][vc_column_text]<img decoding="async" loading="lazy" class="aligncenter wp-image-3902 size-full" src="https://ercistso.tobb.org.tr/wp-content/uploads/2021/01/ORGANIZASSYON-SEMASI.png" alt="" width="648" height="516" srcset="https://ercistso.tobb.org.tr/wp-content/uploads/2021/01/ORGANIZASSYON-SEMASI.png 648w, https://ercistso.tobb.org.tr/wp-content/uploads/2021/01/ORGANIZASSYON-SEMASI-300x239.png 300w" sizes="(max-width: 648px) 100vw, 648px" /></p>
<table width="100%">
<tbody>
<tr>
<td width="39%"><strong>PERSONEL ADI SOYADI</strong></td>
<td width="60%"><strong>BİRİMİ Ünvanı</strong></td>
</tr>
<tr>
<td width="39%">Ahmet GÖZÜTOK</td>
<td width="60%">Genel Sekreter</td>
</tr>
<tr>
<td width="39%">Hasan ARSLAN</td>
<td width="60%">Ticaret Sicili Müdürü</td>
</tr>
<tr>
<td width="39%">Edip ÇALIŞKAN</td>
<td width="60%">Genel Sekreter Yardımcısı</td>
</tr>
<tr>
<td width="39%">Ferit ARSLAN</td>
<td width="60%">Tescil Yetkilisi</td>
</tr>
<tr>
<td width="39%">Zafer YAĞAR</td>
<td width="60%">Muamelat Memuru</td>
</tr>
<tr>
<td width="39%">İsmet MERCAN</td>
<td width="60%">Hizmetli</td>
</tr>
</tbody>
</table>
<p>[/vc_column_text][/vc_column][/vc_row]</p>

<p>[vc_row][vc_column][vc_column_text] PERSONEL ADI SOYADI BİRİMİ Ünvanı Ahmet GÖZÜTOK Genel Sekreter Hasan ARSLAN Ticaret Sicili Müdürü Edip ÇALIŞKAN Genel Sekreter Yardımcısı&#8230;</p>
